{"id":1506,"date":"2020-09-28T21:04:05","date_gmt":"2020-09-28T19:04:05","guid":{"rendered":"http:\/\/www.cleverhomelabs.com\/stage53798\/?page_id=1506"},"modified":"2023-07-04T15:33:26","modified_gmt":"2023-07-04T13:33:26","slug":"projekte","status":"publish","type":"page","link":"https:\/\/www.cleverhomelabs.com\/v4\/index.php\/projekte\/","title":{"rendered":"Projekte"},"content":{"rendered":"<div class=\"wpb-content-wrapper\"><p>[vc_row][vc_column]\n\t\t\t<!-- START Projects REVOLUTION SLIDER 6.7.41 --><p class=\"rs-p-wp-fix\"><\/p>\n\t\t\t<rs-module-wrap id=\"rev_slider_40_1_wrapper\" data-source=\"gallery\" style=\"visibility:hidden;background:transparent;padding:0;margin:0px auto;margin-top:0;margin-bottom:0;\">\n\t\t\t\t<rs-module id=\"rev_slider_40_1\" style=\"\" data-version=\"6.7.41\">\n\t\t\t\t\t<rs-slides style=\"overflow: hidden; position: absolute;\">\n\t\t\t\t\t\t<rs-slide style=\"position: absolute;\" data-key=\"rs-76\" data-title=\"Slide\" data-in=\"o:0;\" data-out=\"a:false;\">\n\t\t\t\t\t\t\t<img fetchpriority=\"high\" decoding=\"async\" src=\"\/\/www.cleverhomelabs.com\/v4\/wp-content\/plugins\/revslider\/sr6\/assets\/assets\/dummy.png\" alt=\"\" title=\"IMG_8321\" width=\"1024\" height=\"768\" class=\"rev-slidebg tp-rs-img rs-lazyload\" data-lazyload=\"\/\/www.cleverhomelabs.com\/stageV3_53798\/wp-content\/uploads\/2022\/08\/IMG_8321.jpg\" data-no-retina>\n<!---->\t\t\t\t\t<\/rs-slide>\n\t\t\t\t\t<\/rs-slides>\n\t\t\t\t<\/rs-module>\n\t\t\t\t<script>\n\t\t\t\t\tsetREVStartSize({c: 'rev_slider_40_1',rl:[1240,1024,778,480],el:[450,768,960,720],gw:[1240,1024,778,480],gh:[450,380,150,720],type:'standard',justify:'',layout:'fullwidth',mh:\"0\"});if (window.RS_MODULES!==undefined && window.RS_MODULES.modules!==undefined && window.RS_MODULES.modules[\"revslider401\"]!==undefined) {window.RS_MODULES.modules[\"revslider401\"].once = false;window.revapi40 = undefined;if (window.RS_MODULES.checkMinimal!==undefined) window.RS_MODULES.checkMinimal()}\n\t\t\t\t<\/script>\n\t\t\t<\/rs-module-wrap>\n\t\t\t<!-- END REVOLUTION SLIDER -->\n[\/vc_column][\/vc_row][vc_row css=&#8220;.vc_custom_1660926294378{margin-top: 70px !important;}&#8220;][vc_column][vc_column_text]Am Anfang steht immer gute Recherche und Analyse. Welche Daten stehen zur Verf\u00fcgung, sind sinnvoll und wichtig? Aus den gesammelten Daten filtern wir das Wichtigste heraus und bauen die App, um diese Daten und Funktionen herum, auf. Ein gutes, \u00fcbersichtliches und logisches UI (User Interface \/ Benutzeroberfl\u00e4che) erfordert viel Arbeit, bis es den gew\u00fcnschten \u00dcberblick bringt. Weniger ist meistens mehr und da sind wir ganz d&#8217;accord mit Steve Jobs.[\/vc_column_text][vc_column_text css=&#8220;.vc_custom_1660918539817{margin-top: 20px !important;margin-right: 50px !important;margin-bottom: 20px !important;margin-left: 50px !important;}&#8220;]<\/p>\n<blockquote><p><strong>\u201cSimple can be harder than complex: You have to work hard to get your thinking clean to make it simple. But it\u2019s worth it in the end because once you get there, you can move mountains.\u201d<\/strong><\/p>\n<p><strong>\u2013 Steve Jobs<\/strong><\/p><\/blockquote>\n<p>[\/vc_column_text][vc_column_text]Mit wenigen Diagrammen oder Graphen stellen wir die Informationen so dar, dass sie einen schnellen \u00dcberblick ergeben. Dabei spielt es keine Rolle, ob es sich um Mikrocontroller, Smart Phones oder Server Anwendungen handelt, oder die Daten in einer Datei oder mehreren gro\u00dfen Datenbanken gehalten werden.\u00a0 Wir haben mehrere Jahrzehnte Erfahrung in der Entwicklung von Software, speziell auch mit Programmen, welche \u00fcber das Internet kommunizieren.[\/vc_column_text][vc_empty_space][\/vc_column][\/vc_row][vc_row css=&#8220;.vc_custom_1660918026760{margin-top: 30px !important;margin-bottom: 20px !important;background-color: #f2f2f2 !important;}&#8220;][vc_column width=&#8220;1\/2&#8243; css=&#8220;.vc_custom_1660944976881{margin-top: 20px !important;margin-bottom: 20px !important;}&#8220;][vc_column_text]<\/p>\n<h2>Meter Blitzdingsbums App<\/h2>\n<p>Wer schonmal versucht hat den Pin mit einer eigenen Taschenlampe in moderne Messeinrichtungen zu blinken, wird unsere Meter Blitzdingsbums App lieben.<\/p>\n<p>Pin eingeben, mit der Kamera auf den Sensor peilen und los gehts.<\/p>\n<p><a href=\"https:\/\/www.cleverhomelabs.com\/downloads\/Z\u00e4hler_Blitzdingsbums.m4v\" target=\"_blank\" rel=\"noopener\">Demo<\/a><\/p>\n<p>Bald im AppStore verf\u00fcgbar[\/vc_column_text][vc_column_text]<em>Kategorie: Energie Management , Smart Home<\/em>[\/vc_column_text][\/vc_column][vc_column width=&#8220;1\/2&#8243; css=&#8220;.vc_custom_1660945152688{margin-top: 20px !important;margin-bottom: 20px !important;}&#8220;][vc_gallery type=&#8220;image_grid&#8220; images=&#8220;2632,2580&#8243; img_size=&#8220;medium&#8220; css_animation=&#8220;none&#8220;][\/vc_column][\/vc_row][vc_row css=&#8220;.vc_custom_1660918307819{margin-top: 30px !important;margin-bottom: 30px !important;}&#8220;][vc_column width=&#8220;1\/2&#8243; css=&#8220;.vc_custom_1660945164988{margin-top: 20px !important;margin-bottom: 20px !important;}&#8220;][vc_gallery type=&#8220;image_grid&#8220; images=&#8220;2617,2613,2607,2615,2614,2602,2611,2608,2604,2606,2605,2599,2612,2597,2609,2603,2601,2616,2600,2598,2596,2595,2594,2593,2592,2591&#8243; img_size=&#8220;100&#215;100&#8243; css=&#8220;.vc_custom_1660948290361{border-radius: 10px !important;}&#8220;][\/vc_column][vc_column width=&#8220;1\/2&#8243; css=&#8220;.vc_custom_1660944990440{margin-top: 20px !important;margin-bottom: 20px !important;}&#8220;][vc_column_text]<\/p>\n<h2>Verschiedene Visualisierungs-Apps<\/h2>\n<p>Viele verschiedene Apps zum Auslesen von Smart Meter, Data Logger, Wechselrichter und Smart Home Systemen.<\/p>\n<p><em>Kategorie: Energie Management<\/em>[\/vc_column_text][\/vc_column][\/vc_row][vc_row css=&#8220;.vc_custom_1660918026760{margin-top: 30px !important;margin-bottom: 20px !important;background-color: #f2f2f2 !important;}&#8220;][vc_column width=&#8220;1\/2&#8243; css=&#8220;.vc_custom_1660945049331{margin-top: 20px !important;margin-bottom: 20px !important;}&#8220;][vc_column_text]<\/p>\n<h2>Monitor f\u00fcr Kostal Piko Wechselrichter<\/h2>\n<p>In der heutigen Zeit erzielt die Einspeisung ins Stromnetz nicht mehr die Strompreise wie vor ein paar Jahren. Daher ist es sinnvoll die erzeugte Energie selbst zu verwenden. Die App stellt \u00fcbersichtlich die Informationen zu Verbrauch, Speicherung und der Erzeugung dar und erm\u00f6glicht es Verbraucher (wie z.B. Sp\u00fcl- oder Waschmaschinen) anzustellen bzw. automatisch zu aktivieren\/deaktivieren (z.B.\u00a0E-Auto laden). Der Hauptfokus bei der Entwicklung lag bei diesem Projekt auf der Apple Watch, da man hier die aktuellen Daten schnell abrufen kann. Selbst mittels Complication auf dem Zifferblatt.[\/vc_column_text][vc_column_text]<em>Kategorie: Energie Management , Smart Home<\/em>[\/vc_column_text][\/vc_column][vc_column width=&#8220;1\/2&#8243; css=&#8220;.vc_custom_1660945223146{margin-top: 20px !important;margin-bottom: 20px !important;}&#8220;][vc_gallery type=&#8220;image_grid&#8220; images=&#8220;2536,2537&#8243; img_size=&#8220;medium&#8220; css_animation=&#8220;none&#8220; css=&#8220;.vc_custom_1660948307238{border-radius: 10px !important;}&#8220;][\/vc_column][vc_column][\/vc_column][\/vc_row][vc_row css=&#8220;.vc_custom_1660918307819{margin-top: 30px !important;margin-bottom: 30px !important;}&#8220;][vc_column width=&#8220;1\/2&#8243; css=&#8220;.vc_custom_1660945233003{margin-top: 20px !important;margin-bottom: 20px !important;}&#8220;][vc_single_image image=&#8220;2534&#8243; img_size=&#8220;medium&#8220;][\/vc_column][vc_column width=&#8220;1\/2&#8243; css=&#8220;.vc_custom_1660945068870{margin-top: 20px !important;margin-bottom: 20px !important;}&#8220;][vc_column_text]<\/p>\n<h2>Intelligente Stromme\u00dfeinrichtungen und Smart Meter\u00a0visualisieren<\/h2>\n<p>App zum mobilen\u00a0auslesen der Smart Meter. Hauptteil der App ist die Apple Watch App. Hier kann beispielsweise \u00fcbersichtlich am Handgelenk der Monatsverbrauch, die Historie der Monatsverbr\u00e4uche des letzten Jahres oder der momentane Z\u00e4hlerstand angezeigt werden.<\/p>\n<p><em>Kategorie: Energie Management<\/em>[\/vc_column_text][\/vc_column][\/vc_row][vc_row css=&#8220;.vc_custom_1660918319726{margin-top: 30px !important;margin-bottom: 30px !important;background-color: #f2f2f2 !important;}&#8220;][vc_column width=&#8220;1\/2&#8243; css=&#8220;.vc_custom_1660945080372{margin-top: 20px !important;margin-bottom: 20px !important;}&#8220;][vc_column_text]<\/p>\n<h2>Clever Gas Meter<\/h2>\n<p>Kleiner Impulsmesser der auf Basis eines Hall-Sensors und eines\u00a0Xtensa\u00ae dual-core 32-bit LX6 Microprocessors die Impulse eines mechanischen Gas Meters messen kann. Er ist mit einem WebServer ausgestattet und liefert neben einem ansprechendem Web Interface auch die Daten\u00a0\u00fcber eine API (Application Programming Interface) im JSON Format und die kompletten Graphen als SVG (Scalable Vector Graphics)\u00a0\u00fcber WLAN aus. Er kann somit sehr einfach ausgelesen werden. Die Daten werden auf einer SD Karte permanent gespeichert und somit kann dieser kleine Impulsmesser auch ohne WLAN-Verbindung in Betrieb genommen werden.<\/p>\n<p><em>Kategorie: Energie Management, Hardware Prototyping<\/em>[\/vc_column_text][\/vc_column][vc_column width=&#8220;1\/2&#8243; css=&#8220;.vc_custom_1660945243121{margin-top: 20px !important;margin-bottom: 20px !important;}&#8220;][vc_gallery type=&#8220;image_grid&#8220; images=&#8220;2531,2541&#8243; img_size=&#8220;medium&#8220;][\/vc_column][\/vc_row][vc_row css=&#8220;.vc_custom_1660918331886{margin-top: 30px !important;margin-bottom: 30px !important;}&#8220;][vc_column width=&#8220;1\/2&#8243; css=&#8220;.vc_custom_1660945253874{margin-top: 20px !important;margin-bottom: 20px !important;}&#8220;][vc_gallery type=&#8220;image_grid&#8220; images=&#8220;2562,2527&#8243; img_size=&#8220;medium&#8220;][\/vc_column][vc_column width=&#8220;1\/2&#8243; css=&#8220;.vc_custom_1660945089205{margin-top: 20px !important;margin-bottom: 20px !important;}&#8220;][vc_column_text]<\/p>\n<h2>Clever Range Hood<\/h2>\n<p>Ersatzcontroller f\u00fcr ein Gutmann Dunstabzugshaube mit einem Xtensa\u00ae dual-core 32-bit LX6 Prozessor. Dreifache\u00a0Phasenanschnittsteuerung, Temperatur, Feuchtigkeit und Luftdruck Sensoren, inkl. Tasten, integrierter WebServer und JSON API zum Auslesen der Sensoren und Steuern der Aktoren (L\u00fcftungsmotor, Hintergrundbeleuchtung, Frontbeleuchtung). Der\u00a0Controller schaltet im Auto Mode selbst\u00e4ndig die L\u00fcftung ein, wenn er feststellt, dass jemand kocht. In diesem Projekt wurde\u00a0die Dunstabzugshaube auch mittels Homebridge von Apples HomeKit gesteuert. &#8222;Hey Siri, mach die Abzugshaube auf 50%&#8220;,\u00a0 &#8222;Hey Siri, mach das Herdlicht aus&#8220;.<\/p>\n<p><em>Kategorie: Smart Home, Hardware Prototyping<\/em>[\/vc_column_text][\/vc_column][\/vc_row][vc_row][vc_column][\/vc_column][\/vc_row]<\/p>\n<\/div>","protected":false},"excerpt":{"rendered":"<p>[vc_row][vc_column][\/vc_column][\/vc_row][vc_row css=&#8220;.vc_custom_1660926294378{margin-top: 70px !important;}&#8220;][vc_column][vc_column_text]Am Anfang steht immer gute Recherche und Analyse. Welche Daten stehen zur Verf\u00fcgung, sind sinnvoll und wichtig? Aus den gesammelten Daten filtern wir das Wichtigste heraus und bauen die App, um diese Daten und Funktionen herum, auf. Ein gutes, \u00fcbersichtliches und logisches&#8230;<\/p>\n","protected":false},"author":1,"featured_media":0,"parent":0,"menu_order":0,"comment_status":"closed","ping_status":"closed","template":"","meta":{"footnotes":""},"class_list":["post-1506","page","type-page","status-publish","hentry"],"_links":{"self":[{"href":"https:\/\/www.cleverhomelabs.com\/v4\/index.php\/wp-json\/wp\/v2\/pages\/1506","targetHints":{"allow":["GET"]}}],"collection":[{"href":"https:\/\/www.cleverhomelabs.com\/v4\/index.php\/wp-json\/wp\/v2\/pages"}],"about":[{"href":"https:\/\/www.cleverhomelabs.com\/v4\/index.php\/wp-json\/wp\/v2\/types\/page"}],"author":[{"embeddable":true,"href":"https:\/\/www.cleverhomelabs.com\/v4\/index.php\/wp-json\/wp\/v2\/users\/1"}],"replies":[{"embeddable":true,"href":"https:\/\/www.cleverhomelabs.com\/v4\/index.php\/wp-json\/wp\/v2\/comments?post=1506"}],"version-history":[{"count":4,"href":"https:\/\/www.cleverhomelabs.com\/v4\/index.php\/wp-json\/wp\/v2\/pages\/1506\/revisions"}],"predecessor-version":[{"id":3505,"href":"https:\/\/www.cleverhomelabs.com\/v4\/index.php\/wp-json\/wp\/v2\/pages\/1506\/revisions\/3505"}],"wp:attachment":[{"href":"https:\/\/www.cleverhomelabs.com\/v4\/index.php\/wp-json\/wp\/v2\/media?parent=1506"}],"curies":[{"name":"wp","href":"https:\/\/api.w.org\/{rel}","templated":true}]}}